site?
False
Is 7871449273 prime?
False
Is 33724507 prime?
True
Is 14170833665 composite?
True
Is 490951103 a composite number?
False
Is 29278520363 a composite number?
False
Is 1764383021 a composite number?
True
Is 8493973727 composite?
False
Is 526329313 a prime number?
False
Is 1443203509 composite?
True
Is 250056847 prime?
True
Is 4130998853 composite?
False
Is 23300319253 a prime number?
False
Is 149112203909 composite?
False
Is 1733696101 a prime number?
True
Is 2686744339 a composite number?
True
Is 5437987259 a composite number?
False
Is 364639139 composite?
False
Is 445681631 a composite number?
True
Is 1788290513 a composite number?
True
Is 85742765041 a prime number?
True
Is 5713391869 a composite number?
False
Is 1265887509 a prime number?
False
Is 368941687 a composite number?
True
Is 2846657423 a composite number?
False
Is 4016669521 a composite number?
True
Is 837608539 prime?
False
Is 5639675537 composite?
False
Is 1789478297 prime?
True
Is 25415397663 a prime number?
False
Is 2172058219 a composite number?
True
Is 13754369051 composite?
False
Is 338700337 composite?
True
Is 4346041907 a composite number?
True
Is 280530713 composite?
True
Is 62054522961 prime?
False
Is 3017885317 a prime number?
False
Is 323681591 a composite number?
False
Is 210577943 composite?
False
Is 527020343 composite?
True
Is 2204507517 composite?
True
Is 4668087727 composite?
False
Is 2117785777 prime?
True
Is 698931509 prime?
True
Is 1792648877 prime?
False
Is 2188417409 a composite number?
True
Is 2784928483 a prime number?
False
Is 3662081035 a composite number?
True
Is 165066507289 a prime number?
True
Is 1174751003 prime?
True
Is 2242376665 composite?
True
Is 10894451369 composite?
False
Is 423959297 prime?
True
Is 726028403 a composite number?
False
Is 3018151813 a prime number?
True
Is 8970885809 a composite number?
False
Is 2105218669 a composite number?
False
Is 1123128158 prime?
False
Is 548717313363 a prime number?
False
Is 53214561823 a composite number?
True
Is 7879181923 a prime number?
False
Is 190644469 composite?
True
Is 1609996387 a prime number?
True
Is 8670250241 prime?
True
Is 916218151 composite?
True
Is 142359251 composite?
False
Is 120376739 composite?
True
Is 128337948367 a prime number?
True
Is 1278111701 prime?
True
Is 1079392031 a prime number?
False
Is 13890452251 prime?
False
Is 2410586279 a composite number?
False
Is 9652343177 composite?
False
Is 125596271123 a composite number?
True
Is 162990667717 a composite number?
True
Is 15304063739 composite?
True
Is 19595278597 prime?
True
Is 133285134494 prime?
False
Is 63126209 a composite number?
False
Is 1952373389 a composite number?
False
Is 92235248401 prime?
False
Is 3094945247 composite?
True
Is 132444226045 a prime number?
False
Is 607240967 prime?
True
Is 583271089 a prime number?
False
Is 211525207 composite?
True
Is 336111389321 prime?
False
Is 61532863103 prime?
True
Is 273228887 a composite number?
True
Is 2257868171 composite?
True
Is 23783399 composite?
False
Is 50436482869 a prime number?
True
Is 1090725577 a prime number?
True
Is 488426327 a composite number?
True
Is 3093011521 a composite number?
True
Is 23830087403 a prime number?
True
Is 29877084833 prime?
False
Is 1877124541 a prime number?
True
Is 92222530493 a prime number?
False
Is 32478807 composite?
True
Is 149059636381 prime?
True
Is 55979679719 a prime number?
True
Is 1018649341 prime?
True
Is 193369913521 composite?
False
Is 17284843757 a prime number?
False
Is 3153303823 a prime number?
True
Is 14956569767 a prime number?
False
Is 2531942263 a prime number?
True
Is 1889545057 prime?
True
Is 30289766873 prime?
False
Is 667698089 a composite number?
False
Is 576256907 a prime number?
False
Is 124731887821 a composite number?
False
Is 4311491543 composite?
True
Is 1429392947 prime?
True
Is 646615667 prime?
True
Is 25256315519 composite?
True
Is 12521326721 a prime number?
True
Is 11841071621 a prime number?
True
Is 1532154667 a prime number?
True
Is 2352261827 a composite number?
False
Is 1720892279 a composite number?
True
Is 5353257439 prime?
True
Is 39771067069 a composite number?
True
Is 50813908919 a prime number?
True
Is 9148211909 a composite number?
True
Is 2227157821 a composite number?
True
Is 16949902757 a prime number?
True
Is 63184211 a prime number?
True
Is 88899943295 composite?
True
Is 20984238221 composite?
True
Is 311445833 composite?
True
Is 21793387663 composite?
False
Is 147077531 a prime number?
False
Is 2598135187 prime?
True
Is 49811178301 a prime number?
True
Is 6690799 composite?
True
Is 4223182639 composite?
True
Is 7278659423 a prime number?
False
Is 8414923679 prime?
False
Is 14383387171 composite?
True
Is 66603610741 prime?
False
Is 3014245835 composite?
True
Is 2178519997 a composite number?
False
Is 422534279 composite?
True
Is 1999013033 composite?
False
Is 6524500165 a composite number?
True
Is 359769049 a composite number?
False
Is 16199159849 prime?
True
Is 4481992513 a composite number?
True
Is 4408338031 prime?
False
Is 3532691483 a prime number?
True
Is 5546913109 prime?
True
Is 3661546271 composite?
True
Is 21795991163 prime?
False
Is 1831431571 composite?
False
Is 11675181809 a prime number?
False
Is 128619077 a prime number?
False
Is 264689311 prime?
True
Is 4315639759 a composite number?
True
Is 111237559 a prime number?
False
Is 1240826051 prime?
False
Is 11041588261 a prime number?
False
Is 563969845 prime?
False
Is 8132593097 a composite number?
False
Is 20980841933 prime?
False
Is 1431261817 composite?
True
Is 557430961 prime?
False
Is 89844371467 a composite number?
False
Is 581280697 composite?
False
Is 910260467 prime?
True
Is 2247666091 a prime number?
False
Is 45249382259 prime?
True
Is 34861810789 composite?
True
Is 819092839 composite?
False
Is 24896322511 a composite number?
False
Is 212733146053 a composite number?
True
Is 138478469749 composite?
False
Is 928179281 a composite number?
True
Is 720841795 composite?
True
Is 71772914119 a composite number?
True
Is 47420591 composite?
True
Is 177817007 a prime number?
True
Is 77899578231 a composite number?
True
Is 18164027239 a composite number?
True
Is 41403058811 prime?
True
Is 61529834027 composite?
False
Is 221968717 a composite number?
True
Is 48102349 prime?
False
Is 6857160383 a prime number?
False
Is 606102163 a composite number?
False
Is 1172639407 a prime number?
False
Is 4159579409 a prime number?
True
Is 7091686297 a prime number?
True
Is 999029 a prime number?
True
Is 1413005093 a prime number?
False
Is 5520254293 a composite number?
True
Is 332964031 a composite number?
True
Is 863349293 prime?
False
Is 422960963 composite?
False
Is 19194195341 a prime number?
True
Is 14181800627 composite?
True
Is 109025351 a prime number?
False
Is 100226913119 prime?
True
Is 23821970059 a prime number?
True
Is 45706384679 a composite number?
False
Is 7309052191 composite?
True
Is 12408333263 a prime number?
True
Is 165232375337 a composite number?
True
Is 3903189289 a prime number?
True
Is 2343182405 a composite number?
True
Is 1516243711 a prime number?
True
Is 133369770733 a prime number?
True
Is 2745219307 composite?
True
Is 5506213759 prime?
False
Is 24173827 prime?
True
Is 2786167151 a prime number?
False
Is 2420375717 a prime number?
True
Is 3687297997 a composite number?
True
Is 1368704971 a composite number?
True
Is 7106055989 prime?
False
Is 2043981769 a prime number?
False
Is 14343192197 composite?
True
Is 1409840893 prime?
True
Is 111942562871 a prime number?
True
Is 534240713 composite?
False
Is 205881801665 a composite number?
True
Is 864844187 composite?
False
Is 2022013613 a composite number?
False
Is 1953121327 a prime number?
True
Is 25987421041 a prime number?
True
Is 44323525463 prime?
False
Is 77330647399 a prime number?
True
Is 5518934873 a composite number?
False
Is 44085873317 composite?
True
Is 11433838319 a composite number?
False
Is 16784674003 a prime number?
False
Is 975094957 a prime number?
True
Is 163912891 a prime number?
False
Is 1653739621 composite?
False
Is 121442491 a prime number?
True
Is 59581141111 composite?
True
Is 11664229 prime?
False
Is 1335282617 composite?
False
Is 30211176961 composite?
True
Is 67620947 a prime number?
True
Is 65744699477 prime?
Tru